ided by 25?
12
Calculate the remainder when 267 is divided by 202.
65
Calculate the remainder when 7424 is divided by 449.
240
Calculate the remainder when 27096 is divided by 504.
384
Calculate the remainder when 25510 is divided by 6350.
110
Calculate the remainder when 6668 is divided by 4.
0
What is the remainder when 12002 is divided by 23?
19
What is the remainder when 47158 is divided by 599?
436
What is the remainder when 5086 is divided by 5038?
48
Calculate the remainder when 21453 is divided by 21440.
13
What is the remainder when 202482 is divided by 141?
6
What is the remainder when 3317 is divided by 464?
69
What is the remainder when 939 is divided by 135?
129
What is the remainder when 6353 is divided by 24?
17
Calculate the remainder when 5638113 is divided by 205.
203
What is the remainder when 4994 is divided by 126?
80
Calculate the remainder when 7695 is divided by 513.
0
Calculate the remainder when 5706 is divided by 5689.
17
What is the remainder when 5404 is divided by 2701?
2
Calculate the remainder when 6920 is divided by 50.
20
What is the remainder when 7182 is divided by 7152?
30
Calculate the remainder when 15351 is divided by 615.
591
Calculate the remainder when 2834 is divided by 1889.
945
Calculate the remainder when 146 is divided by 82.
64
What is the remainder when 28989 is divided by 9658?
15
Calculate the remainder when 8998 is divided by 2220.
118
What is the remainder when 38999 is divided by 609?
23
Calculate the remainder when 88931 is divided by 5556.
35
What is the remainder when 1502 is divided by 211?
25
What is the remainder when 981222 is divided by 39?
21
Calculate the remainder when 23067 is divided by 772.
679
What is the remainder when 3781 is divided by 65?
11
What is the remainder when 348844 is divided by 35?
34
What is the remainder when 10523 is divided by 19?
16
Calculate the remainder when 173144 is divided by 187.
169
What is the remainder when 11406 is divided by 2252?
146
Calculate the remainder when 53536 is divided by 186.
154
What is the remainder when 374277 is divided by 159?
150
What is the remainder when 4459 is divided by 4225?
234
What is the remainder when 7319 is divided by 1071?
893
Calculate the remainder when 25675 is divided by 613.
542
What is the remainder when 8549 is divided by 52?
21
What is the remainder when 4596 is divided by 75?
21
Calculate the remainder when 754651 is divided by 313.
8
Calculate the remainder when 2557 is divided by 739.
340
Calculate the remainder when 7455 is divided by 57.
45
What is the remainder when 112890 is divided by 111?
3
Calculate the remainder when 3194398 is divided by 605.
603
What is the remainder when 39642 is divided by 583?
581
What is the remainder when 9698 is divided by 4782?
134
Calculate the remainder when 1538980 is divided by 102.
4
Calculate the remainder when 562 is divided by 113.
110
Calculate the remainder when 668814 is divided by 97.
96
Calculate the remainder when 85282 is divided by 92.
90
What is the remainder when 13352 is divided by 13347?
5
What is the remainder when 126515 is divided by 8433?
20
Calculate the remainder when 54076 is divided by 90.
76
Calculate the remainder when 429971 is divided by 24.
11
What is the remainder when 35530 is divided by 1870?
0
What is the remainder when 59177 is divided by 83?
81
What is the remainder when 11972 is divided by 87?
53
What is the remainder when 116927 is divided by 224?
223
What is the remainder when 126081 is divided by 2?
1
Calculate the remainder when 222635 is divided by 47.
43
What is the remainder when 664 is divided by 664?
0
Calculate the remainder when 1142454 is divided by 29.
28
Calculate the remainder when 118545 is divided by 2522.
11
What is the remainder when 21731 is divided by 21713?
18
Calculate the remainder when 42238 is divided by 440.
438
What is the remainder when 3879 is divided by 1568?
743
Calculate the remainder when 6266114 is divided by 85.
84
What is the remainder when 21414 is divided by 874?
438
What is the remainder when 9684 is divided by 308?
136
What is the remainder when 3694 is divided by 1824?
46
What is the remainder when 34360 is divided by 336?
88
Calculate the remainder when 1715 is divided by 17.
15
Calculate the remainder when 86416 is divided by 43199.
18
Calculate the remainder when 40888 is divided by 31.
30
Calculate the remainder when 21346 is divided by 661.
194
What is the remainder when 14594 is divided by 38?
2
What is the remainder when 4167 is divided by 40?
7
What is the remainder when 18422 is divided by 18174?
248
Calculate the remainder when 443124 is divided by 83.
70
What is the remainder when 2147 is divided by 309?
293
What is the remainder when 2631551 is divided by 384?
383
Calculate the remainder when 1801 is divided by 137.
20
What is the remainder when 524487 is divided by 21?
12
What is the remainder when 355 is divided by 80?
35
What is the remainder when 106640 is divided by 6660?
80
Calculate the remainder when 97871 is divided by 7528.
7
Calculate the remainder when 392 is divided by 162.
68
Calculate the remainder when 4167 is divided by 1218.
513
What is the remainder when 2826638 is divided by 1424?
1422
What is the remainder when 105388 is divided by 35116?
40
What is the remainder when 8850 is divided by 226?
36
Calculate the remainder when 76279 is divided by 489.
484
What is the remainder when 10247 is divided by 2964?
1355
Calculate the remainder when 1127993 is divided by 107.
106
What is the remainder when 127911 is divided by 11?
3
What is the remainder when 1713 is divided by 854?
5
Calculate the remainder when 2385 is divided by 1164.
57
Calculate the remainder when 15373 is divided by 699.
694
What is the remainder when 1404 is divided by 1389?
15
What is the remainder when 15515257 is divided by 1718?
1717
Calculate the remainder when 13223 is divided by 13155.
68
Calculate the remainder when 3132 is divided by 862.
546
Calculate the remainder when 62120 is divided by 89.
87
What is the remainder when 9444 is divided by 1347?
15
Calculate the remainder when 370544 is divided by 1611.
14
Calculate the remainder when 46227 is divided by 364.
363
What is the remainder when 43702 is divided by 43697?
5
Calculate the remainder when 8278 is divided by 4123.
32
Calculate the remainder when 4576 is divided by 592.
432
Calculate the remainder when 13147 is divided by 48.
43
Calculate the remainder when 3443 is divided by 1689.
65
What is the remainder when 253106 is divided by 89?
79
What is the remainder when 18557 is divided by 224?
189
Calculate the remainder when 213 is divided by 32.
21
What is the remainder when 247152 is divided by 182?
178
What is the remainder when 20046 is divided by 1113?
12
What is the remainder when 9582 is divided by 322?
244
Calculate the remainder when 29039 is divided by 354.
11
What is the remainder when 396 is divided by 13?
6
Calculate the remainder when 398699 is divided by 30.
29
What is the remainder when 6428 is divided by 3065?
298
What is the remainder when 101036 is divided by 23?
20
Calculate the remainder when 1850 is divided by 302.
38
Calculate the remainder when 349 is divided by 60.
49
What is the remainder when 1627 is divided by 72?
43
Calculate the remainder when 16659 is divided by 8257.
145
What is the remainder when 306802 is divided by 20?
2
What is the remainder when 6754 is divided by 3351?
52
What is the remainder when 1213 is divided by 502?
209
What is the remainder when 12880 is divided by 13?
10
What is the remainder when 16551 is divided by 169?
158
What is the remainder when 19776 is divided by 4?
0
What is the remainder when 798 is divided by 5?
3
What is the remainder when 47112 is divided by 15699?
15
Calculate the remainder when 6546 is divided by 1687.
1485
Calculate the remainder when 2402 is divided by 794.
20
What is the remainder when 206514 is divided by 69?
66
Calculate the remainder when 612 is divided by 584.
28
Calculate the remainder when 21263 is divided by 40.
23
What is the remainder when 7399 is divided by 63?
28
What is the remainder when 6804 is divided by 566?
12
What is the remainder when 1108 is divided by 5?
3
What is the remainder when 49223 is divided by 64?
7
What is the rema